 p(b) = -2 + 1 + 25*b**k - 293*b**2 + 294*b**2. Calculate p(-1).
-25
Let n(m) = -41*m - 9. Let s(j) = 40*j + 5. Let d(x) = 2*n(x) + 3*s(x). What is d(2)?
73
Let q(h) = -h**3 + 5*h**2 - 2*h + 12. Let r be q(5). Let k = 50 - 45. Let g(y) = 6*y - 9. Let o(x) = 9*x - 14. Let m(t) = k*o(t) - 8*g(t). Calculate m(r).
-4
Let x(o) = -o + 7. Let d(a) be the first derivative of 5*a**2/2 + 92*a - 43. Let t be d(-17). Calculate x(t).
0
Let j(f) be the third derivative of -1/60*f**5 + 7/24*f**4 - 7/6*f**3 + 2*f + 6*f**2 + 0. What is j(7)?
-7
Let t(y) be the first derivative of y**2/2 + 3*y + 82704. Let b be 2/(-1 - (-2)/4). What is t(b)?
-1
Let t be (6 - 4)*(-6)/(-4). Let b(n) = 2*n**2 - 2*n + 3*n**2 - 3*n**2 + t - n. Suppose 9 = -q + 3*v, 65*q - 67*q = -2*v + 2. What is b(q)?
12
Let g = 11 + -8. Let c(m) = m**3 - 5*m**2 + 7*m - 1. Let d be c(3). Let x(o) = -91*o**d - 7*o**g + 91*o**2 + 1. Calculate x(1).
-6
Let r be (-2)/((-6)/(-4) + -1). Let d = r - 1. Let q(t) be the first derivative of t**4/4 + 2*t**3 + 3*t**2/2 - 4*t - 242557. Calculate q(d).
6
Let q(s) = 3. Let a(v) = 4*v - 2*v + 7 + 3 - v. Let k(i) = -2*a(i) + 7*q(i). Let j be k(2). Let b(u) = u**2 - 1. What is b(j)?
8
Let j(n) = 8*n + 5. Let t = -197 - -195. Let r be j(t). Let b(l) = l**2 + 9*l - 15. Calculate b(r).
7
Let d be (-3)/(27/(-9))*-9. Let h(k) = -k**2 - 3*k + 14. Calculate h(d).
-40
Let y(s) = -2*s**2 - 3*s - 3. Let c be y(-1). Let v = c - -11. Let a = v - 5. Let b(k) = -k**3 + 3*k**2 + 4*k + 4. Calculate b(a).
4
Let h be 6 - (1 + 2)/3. Suppose 4*j = 3 + h. Let f(n) = -4*n + 2*n + 1 + 8*n**2 + j - 7*n**2. Determine f(2).
3
Let i = 7821 - 7804. Let l(q) be the first derivative of 1/4*q**4 + 1/3*q**3 + 0*q**2 - i + 5*q. Determine l(0).
5
Let y be (-3360)/315*(-3)/8. Let w(x) = x - 9. Determine w(y).
-5
Let k = -1 + -1. Let v(s) = 4*s**3 + 4*s**2 + 29057 - 29055 - 2*s**2 + s. Give v(k).
-24
Let s(i) = -5 + 4*i + 3 - 2*i**2 + i**3 + 0*i**2 + 8*i**2. Let n = -41 + 37. What is s(n)?
14
Let t(b) be the first derivative of -b**7/840 + b**6/120 + b**5/24 - b**4/6 - 5*b**3 - 2*b + 16. Let j(k) be the third derivative of t(k). Give j(3).
11
Let f(n) be the second derivative of -n**3/3 + 6*n**2 - 621*n. What is f(9)?
-6
Let t = 360 + -334. Suppose 19 = 9*k - t. Let j(l) = -l**2 + 3*l + 1. Calculate j(k).
-9
Let f be (((-4)/2)/14)/(56/(-392)). Let z(t) = 2 - 2 + 0 - 3 + t. Let a(k) = -1. Let i(y) = f*z(y) - 5*a(y). Give i(-6).
-4
Let d(q) = q - 1. Let s(a) = -a**3 + 7*a**2 + 2*a - 10. Suppose 3*i - 11*i = -88. Suppose i*l = 10*l + 7. Let k be s(l). Determine d(k).
3
Suppose 13*k + 1030 = 1121. Let z(m) = -m**3 + 6*m**2 + 6. What is z(k)?
-43
Let v = -122 + 219. Let n = v - 94. Let s(g) = g + 1. What is s(n)?
4
Let l(q) be the second derivative of -19*q**3/6 - 5*q**2/2 - 928*q. What is l(-5)?
90
Let z(x) = 4*x + 19. Let t = -1087 - -1101. Calculate z(t).
75
Let a(p) = p - 1. Suppose -4*c = -3*r + 293, 4*c - 5*r + 0*r = -299. Let n = c + 69. Give a(n).
-3
Let x(n) be the third derivative of -n**6/72 - n**5/60 + n**4/8 - 9*n**3 - 37*n**2. Let t(q) be the first derivative of x(q). Determine t(2).
-21
Suppose x + 49 = o, x - 245 = 6*x + 5*o. Let p = x - -49. Let l(z) = -z**2 + z + 5. Give l(p).
5
Let u be -1 + -8 - 416/(-288)*9. Let l(q) = 17*q - 54. Calculate l(u).
14
Suppose 531*w + 84 = 528*w + 3*m, 0 = -5*w + 2*m - 116. Let d(p) = 4*p + 120. Give d(w).
40
Let o(i) = -i**3 + 14*i**2 + 17*i + 23. Let f(c) = -c**3 + 15*c**2 + 22*c + 22. Let y(x) = -4*f(x) + 5*o(x). What is y(10)?
-3
Let v(u) = 4*u**2 + u + 1. Let t = -74 - -79. Suppose t*i + 20 = 5*x, -3*i = -8*i - x - 14. Give v(i).
34
Let x(p) = 9*p + 6. Let o be x(4). Suppose 18*h + o = 11*h. Let z(c) = -c**3 - 7*c**2 - 7*c + 5. Calculate z(h).
11
Let b(m) = m**2 - 13*m + 6. Let j(i) = -i**2 + 89*i + 1115. Let l be j(-11). What is b(l)?
36
Let u = 125 - 124. Let z(y) = -204*y + 195*y + u - 13 - y**2. Give z(-7).
2
Let v(x) = -7*x - 1. Let p(s) = 2*s**2 + 2*s - 7. Let w be p(-3). Suppose -h + 4*r + 5 = 0, 0 = -w*h + r + 2 + 4. Give v(h).
-8
Let c(a) be the first derivative of -a**2 + 16*a - 5917. Give c(5).
6
Let j(a) = -a**3 - 12*a**2 - 39*a - 472. Let r be j(-12). Let x(d) = -79*d - 320. What is x(r)?
-4
Suppose -58*u + 20 = -63*u. Let q be (-4 - -2) + u/(-4 - 0). Let r(d) be the first derivative of 5*d**4/2 - d**2/2 - d - 1. Determine r(q).
-10
Let a(j) be the third derivative of -j**5/30 - j**4/3 + 11*j**3/3 - 2*j**2 - 207*j. What is a(-7)?
-20
Let j = 26917 + -26918. Let x(a) = 6*a**2 + 5*a + 2. What is x(j)?
3
Let c(h) be the third derivative of h**6/60 - h**5/20 - h**4/3 + 5*h**3/3 + 1920*h**2. Give c(4).
58
Suppose 8*x - 12*x - 16 = 0. Let q(w) be the first derivative of w**4/4 + 5*w**3/3 + 2*w**2 - 3*w + 22. Let j be q(x). Let t(l) = 2*l + 4. Calculate t(j).
-2
Let d(t) be the third derivative of 1/6*t**4 + 0*t + 0 + 0*t**3 - 1/60*t**5 - 65*t**2. Calculate d(2).
4
Let a be ((-16)/(-6))/(28/1302). Suppose -4*s = 16, -4*q + 3*s + a = -2*s. Suppose -5*j = 2*b - 6*b + 10, 3*j - q = -4*b. Let m(h) = -h. What is m(j)?
-2
Let g(i) = 11*i**2 - 5*i - 64. Let c(o) = 31*o**2 - 16*o - 185. Let z(m) = -6*c(m) + 17*g(m). Give z(-4).
-6
Let t(r) = r + 17. Let o be ((-2 + 4)*11)/2. Let f be (23 - 21)/((-2)/o). Give t(f).
6
Let q(p) = 2*p**3 + 7*p**2 + 5*p - 14. Let w(a) = 3*a**3 + 10*a**2 + 7*a - 21. Let c(g) = -8*q(g) + 5*w(g). Let k = -7 + -21. Let s = -33 - k. Calculate c(s).
7
Let d = 17509 - 17517. Let r(c) = -4*c - 13. What is r(d)?
19
Let x be (-25)/5 + 27 + -26. Let t(g) = -4*g**2 - 8*g - 10. What is t(x)?
-42
Let p(o) = 22*o**2 + 246*o**2 + 17*o - 65 - 269*o**2. Give p(11).
1
Let w(p) be the second derivative of 2 - 1/12*p**4 - 1/6*p**3 + 2*p**2 - 60*p. What is w(0)?
4
Let g(u) = -u**3 - 13*u**2 - 2. Let t(b) = -b**3 - 9*b**2 - 12*b + 1. Let l be t(-7). Let p be g(l). Let a(c) = 4*c + 1. What is a(p)?
-7
Let u(n) = -n + 3. Let s be u(1). Suppose 0 = -3*f + 4*g - s, 2*g + 3*g = -3*f + 16. Let d(x) = 0*x**2 - 7 - x**f - x - 6*x. Give d(-5).
3
Let a(l) = 14*l + 6. Suppose -4*d + 10 = -2*x, 0*d = -5*x + d + 20. Let n(k) = -22*k - 9. Let i(p) = x*n(p) + 8*a(p). What is i(-5)?
-7
Let r(o) = -o - 1. Let s = -33 - -38. Suppose -b - 3*u + s = 0, -u + 9 = 5*b - 16. Let q(v) = -v**2 - 3*v + 6. Let w(h) = b*r(h) + q(h). What is w(-8)?
1
Let p(r) be the third derivative of 7*r**5/60 - r**4/24 - 2824*r**2. Suppose 7*u = 5*u + 4. What is p(u)?
26
Suppose -3*l + 24 = 6. Let p(g) = -6*g**3 + 2*g**2 - 5*g - 1. Let n(k) = k**3 + k**2 - 1. Let o = 136 - 135. Let z(q) = o*p(q) + 5*n(q). Determine z(l).
0
Let y be 2 + -4 + (-158)/(-2). Let f = y + -90. Let p(n) = n + 7. Determine p(f).
-6
Let n(x) = 10*x + 1. Let m(i) = 69 + 70 - i - 138 + 2*i**2. Let b be m(1). What is n(b)?
21
Let m(j) = 364*j - 75. Let u(x) = 115*x - 24. Let v(s) = 6*m(s) - 19*u(s). What is v(-28)?
34
Let g(h) = -16*h - 203. Suppose -1655*k = -1764*k - 1417. What is g(k)?
5
Let y(h) = -h + 18. Let s(u) = 6*u + 48. Let j(a) = -29*a - 180. Let b be j(-6). Let i be s(b). Give y(i).
6
Let r(g) = -10*g + 11. Let i = 164 - 168. Let n(h) = -2*h + 2. Let q(t) = i*n(t) + r(t). What is q(4)?
-5
Let w(i) = 6*i - i**3 - 138 + 43 - 2*i + 19469*i**2 - 19472*i**2. What is w(-6)?
-11
Let f be (-1935)/(-15)*(2 - 1). Let s = f - 131. Let b(o) = -2*o**2 - 2*o - 1. Determine b(s).
-5
Let u(t) = -10*t + 3 + t**2 + 44*t + 3 - 35*t - 6*t. Let v = 3 + 5. Suppose -v*o + 4*o + 32 = 0. Calculate u(o).
14
Suppose -c + 59 = 5*j, 3*c + 3*j - 282 = -237. Let d(o) = -7 + 2 + o + 0*o. Let r(p) = -3*p + 10. Let z(h) = 5*d(h) + 3*r(h). What is z(c)?
-11
Let v be (12/(-7))/((-115)/230*8/28). Let w(f) = f - 20. What is w(v)?
-8
Let h(z) = 4*z**2 - 1314*z**3 + 12*z - 1324*z**3 - 1322*z**3 + 26 + 5*z**2 + 3961*z**3. Determine h(-7).
40
Let v(g) = 29*g + 118. Suppose 18*s + 57 + 56 = 41. Determine v(s).
2
Let w(k) = -k**3 + 9*k - 262. Let n(u) = -u**3 + 8*u - 170. Let a(q) = -3*n(q) + 2*w(q). Calculate a(-3).
-23
Let m(f) be the first derivative of 2*f - 2/3*f**3 + 1/2*f**2 + 1/4*f**4 + 1. Let x be (-6)/(-45)*(-5)/(-2) + (-10)/(-6). Calculate m(x).
4
Let o(n) = n**2 - 6*n + 7. Let q = 129 - 120. Suppose 18*z = q*z - 108. Let l(m) = m**3 + 11*m**2 - 10*m + 29. Let y be l(z). Calculate o(y).
2
Let m(k) = -38*k + 15*k - 2*k**2 + 23 + 24*k. 